e factors of n(r).
7
Let a = 227 + -140. What are the prime factors of a?
3, 29
Let p = 3318 - 1522. What are the prime factors of p?
2, 449
Let d be 10 + -4 - -1 - 4. Suppose 0 = 4*t - 8, 3*t = b + 2*t - d. List the prime factors of b.
5
Let d(b) = 7*b - 3 - 23 - b**2 + 11*b - 6*b. List the prime factors of d(8).
2, 3
Let k = 96 - -2. Let c = 126 - k. List the prime factors of c.
2, 7
Let u = 131 + -235. Suppose 104 = -2*v - 5*p, -4*p = -2*v - 2*p - 118. Let y = v - u. What are the prime factors of y?
47
Let r = -10 + 7. Let c be -5 - r - (-2 + -2). Suppose 2*t = c*j + 78, 0 = 4*t - 0*j - 2*j - 146. List the prime factors of t.
2, 17
Let x(y) = 338*y - 641. What are the prime factors of x(10)?
3, 11, 83
Let v = 668 - 356. Let y = v + -191. What are the prime factors of y?
11
Let i(m) = 13 + 6 - 11 + 4*m + 18 + 2*m**2. List the prime factors of i(-7).
2, 3
Let m(f) = -f + 4. Let x be m(4). Suppose 0 = -3*n - 14 + 32. Suppose 2*g = -x*g + n. What are the prime factors of g?
3
Let f be (4 - (0 + 4))/(-3). Suppose f = -6*p + 4*p + 182. List the prime factors of p.
7, 13
Let h = -71 + 84. Let u(c) = c**3 - 13*c**2 + 7*c - 29. What are the prime factors of u(h)?
2, 31
Let d(t) = -28*t. Let v(r) = -r**2 + 11*r - 3. Let a be v(11). List the prime factors of d(a).
2, 3, 7
Let k(o) = 19*o + 86. Let a be k(-17). Let f = -140 - a. What are the prime factors of f?
97
Let v be 17*5/10*(-6)/(-3). Let c = -15 + v. What are the prime factors of c?
2
Suppose -2*t + 916 = -2818. List the prime factors of t.
1867
What are the prime factors of (8 - (-75)/(-10)) + (-1675)/(-2)?
2, 419
Let p(v) = 3*v + 4. Suppose -q = 3*q. Let s be p(q). Suppose -3*u + 223 = 4*t, 79 - 7 = t + s*u. List the prime factors of t.
2, 13
Suppose 0 = -3*p - 3*a - 33, -4*a = -0*a + 20. Let d be p/(-3) + 2 - -3. Suppose d + 22 = k. List the prime factors of k.
29
Suppose -709*z = -710*z + 2193. List the prime factors of z.
3, 17, 43
Suppose 5*f - 156 = -26. Let s(u) = 8*u - 47. List the prime factors of s(f).
7, 23
Suppose 0 = 5*w + 2*q - 31, 5*w + 5*q = 49 - 9. Suppose 2*d + w*h + 39 = 309, -396 = -3*d - 3*h. Suppose -d = -5*v + 175. What are the prime factors of v?
61
Let a be 15/(-2)*98/(-147). Let u(d) be the second derivative of d**4/6 - d**3 + 11*d**2/2 - d. What are the prime factors of u(a)?
31
Let v(m) = -12*m**2 - 2*m - 1. Let j be v(2). Suppose -3*w - 182 = -2*b, 0*b - 2*w = -3*b + 268. Let l = b + j. What are the prime factors of l?
5, 7
Let t(v) be the second derivative of 23*v**3/6 - 13*v**2/2 + 2*v. Let x be t(8). Suppose p + 45 = h - 3*p, x = 5*h - 2*p. List the prime factors of h.
3, 11
Suppose 0 = 2*t - 0*t - 16. Suppose -m + 675 = t*m. What are the prime factors of m?
3, 5
Let n(w) = -2*w**3 - 4*w**2 - 3*w - 2. Let a be n(-4). Suppose 0 = d - 3*u + 10, 5*d - 4*u + u + a = 0. Let p = d + 20. List the prime factors of p.
2
Let a = 34 + -31. Suppose -4*q - 73 = -a*r, -r + q + 2*q + 26 = 0. List the prime factors of r.
23
Let l = 427 - 299. Suppose -4*c + 0*s = s - 186, l = 3*c - 5*s. List the prime factors of c.
2, 23
Suppose 2*l = -2*w - 4 - 4, 0 = 3*w - 3*l. Let r be (2/w)/((-2)/(-152)). What are the prime factors of ((-4)/8)/1*r?
2, 19
What are the prime factors of (2/(-12))/((-2)/696)?
2, 29
Let j(u) = 10*u + 22. Let b be j(15). Suppose 5*m + 215 = 5*k, k - 5*k + b = 4*m. What are the prime factors of k?
43
Let c(w) = -w**3 - 7*w**2 + 10*w + 18. Let r be (-3 + 0/(-3))*(7 - 4). List the prime factors of c(r).
2, 3, 5
Suppose -n = 3*n - 12. Suppose a - f + n*f = 57, 3*a - 178 = f. What are the prime factors of a?
59
Let i(v) be the third derivative of v**6/120 - 7*v**5/60 + 5*v**4/12 + 2*v**3 - 5*v**2. List the prime factors of i(7).
2, 41
List the prime factors of (-18 - -691) + 8 + (-1)/1.
2, 5, 17
Suppose 0 = n + 68 - 45. Let y(j) = -j**2 - 32*j + 31. List the prime factors of y(n).
2, 7, 17
Let h = 10 + -18. Suppose 2*b = -r + 28, 0 = -r - b + 7 + 25. Let p = r + h. List the prime factors of p.
2, 7
Let o(z) = -107*z - 91. List the prime factors of o(-7).
2, 7, 47
List the prime factors of ((-21)/21)/(1/(19/(-1))).
19
Let n = -141 - -142. Let c(j) = 50*j**3 + j**2 - 3*j + 2. What are the prime factors of c(n)?
2, 5
Let d(m) = 2*m**2 - 17*m + 19. Let z be d(13). Suppose -12 - z = -4*a. What are the prime factors of a?
37
List the prime factors of 12/(-6) - (-4 - 203).
5, 41
Let d(n) be the third derivative of n**5/30 - 5*n**4/24 + 11*n**3/3 + 14*n**2. List the prime factors of d(7).
5, 17
Suppose -2*g - 4 = 0, 104 + 146 = 2*d + 5*g. Let u = d + -55. List the prime factors of u.
3, 5
What are the prime factors of 20/3*(-1 + 0 + 73)?
2, 3, 5
Let a(h) = -h**3 - 11*h**2 - h - 27. Let o be a(-11). List the prime factors of (-317)/(-8) - 6/o.
2, 5
Let p(t) = -57*t + 112. What are the prime factors of p(-12)?
2, 199
Suppose 3*t - 7 = 5. Suppose 6 = 3*l, t*j - 3*j = -3*l + 76. List the prime factors of j.
2, 5, 7
Suppose 4*v = 4*i - 49 + 13, v + 1 = 0. Let n = i + -98. List the prime factors of (n/24)/(2/(-8)).
3, 5
Suppose -3*q + 22 = -3*g - 2*g, 4*q + g - 14 = 0. Suppose -q*x = 8*i - 4*i - 600, -4*i = 2*x - 290. Suppose m = -4*m + x. List the prime factors of m.
31
Let c = 618 - 364. List the prime factors of c.
2, 127
Let w be (76/(-14))/((-4)/28). Let f = 75 - w. Suppose -g = -f - 26. List the prime factors of g.
3, 7
Suppose 56 = 12*o - 8*o. Suppose o*z = 21*z - 658. List the prime factors of z.
2, 47
Let b(q) = q**3 - 21*q**2 - 22*q + 15. Let w be b(23). Suppose -a - 2*a - 426 = -3*n, -4*n + w = -3*a. List the prime factors of n.
3, 47
Let m(r) be the first derivative of 2*r**3/3 - 5*r**2 + 14*r - 17. Let b(a) = -2*a - 2. Let f be b(-4). What are the prime factors of m(f)?
2, 13
Suppose 30*k - 3751 = 82709. What are the prime factors of k?
2, 11, 131
Let k = -129 + 134. Suppose 2*u = k*m - 655, 0 = -5*m - u + 154 + 486. What are the prime factors of m?
3, 43
Suppose 75357 = 56*w - 9483. List the prime factors of w.
3, 5, 101
Suppose 2*a - 70 = -3*a. Let r = a + -22. Let g = r - -27. What are the prime factors of g?
19
Let t(q) = q**3 - 15*q**2 - q - 11. Let y(x) = -x**3 + 14*x**2 + x + 10. Let u(k) = 6*t(k) + 7*y(k). Let f = 104 - 96. What are the prime factors of u(f)?
2, 3
Let q be (-15)/6*(-4)/5. Suppose -r + 60 = -k, -q*r = r + 3*k - 168. What are the prime factors of r?
2, 29
Let s be ((-1)/2)/(2/(-8)). Suppose -s*h - 1 + 9 = 0. Suppose h*f + 4 = 0, -u = -4*u - 4*f + 125. What are the prime factors of u?
43
Suppose -2*m - 8 + 332 = 2*r, -3*m + 3 = 0. List the prime factors of r.
7, 23
Let k(f) = 253*f**2 - 8*f - 8. What are the prime factors of k(-1)?
11, 23
Let r = 6 - -12. Let k be 4/r - 20/9. Let s = k + 10. What are the prime factors of s?
2
Suppose -m - 3*m + 3*v - 106 = 0, 0 = -2*m - 5*v - 40. Let y = m + 54. Suppose -z + y = -21. What are the prime factors of z?
2, 5
Let o(i) = i**3 + 65*i**2 - 71*i + 185. What are the prime factors of o(-65)?
2, 3, 5
Suppose -z - 2*z - 3 = 0. Let g be z/(3 + -4) + 0. What are the prime factors of (7 - -3)*(g - 0)?
2, 5
Suppose -14 - 7 = 3*m. Let g(b) = 0 + 0*b**2 - 3 + 6*b + b**2. What are the prime factors of g(m)?
2
Let w(i) be the first derivative of -7 + 11*i + 1/2*i**2. List the prime factors of w(-5).
2, 3
Let p = 30 - 28. Let o be 156/7 - 8/28. Suppose -p*y = -0*y - o. What are the prime factors of y?
11
Let n(x) = 54*x**2. Let h be n(-1). Suppose -53 = -2*r + 5*g, -g = 3*r - h - 51. List the prime factors of r.
2, 17
Let d be (27/(-18))/((-2)/(-4)). Let p be -3*2*d/6. Suppose 0 = -c + 2*k - p*k + 23, -5*c - k + 123 = 0. What are the prime factors of c?
5
Let p = -16 + 16. Suppose 0 = -2*j - 3*j + 5. Suppose -3*l - j + 10 = p. What are the prime factors of l?
3
Suppose 5*l = l + 28. Let v(g) = -4*g - 6. Let y be v(l). Let n = y + 51. List the prime factors of n.
17
Let t(w) = -2*w**2 + 11*w**2 - 5*w - 47*w**3 + 46*w**3 - 8. What are the prime factors of t(7)?
5, 11
Let f = 159 + 115. What are the prime factors of f?
2, 137
Let k(f) = 0*f - 1 + 9 + 2*f. Suppose -3*n - s = -28, 2*s - s + 8 = n. What are the prime factors of k(n)?
2, 13
Let d(j) = 52*j - 2. Let y be d(-1). Let i be (-279)/y - 2/12. Suppose -4*a + 97 = i*m, 3*a + 28 = 5*m - 48. List the prime factors of m.
17
Let w = 981 + -681. Suppose -4*n = n - w. 